
True
Is 6392 a multiple of 68?
True
Does 18 divide 234?
True
Does 22 divide 4466?
True
Is 63 a factor of 3276?
True
Is 171 a multiple of 19?
True
Is 89355 a multiple of 37?
True
Is 2775 a multiple of 75?
True
Is 27 a factor of 5829?
False
Is 107 a factor of 1309?
False
Does 63 divide 18963?
True
Is 2388 a multiple of 3?
True
Does 3 divide 216?
True
Is 115 a factor of 5980?
True
Does 53 divide 159?
True
Is 3377 a multiple of 11?
True
Does 3 divide 99?
True
Is 5 a factor of 56?
False
Is 19 a factor of 7312?
False
Does 30 divide 1277?
False
Does 89 divide 401?
False
Does 11 divide 548?
False
Is 9625 a multiple of 175?
True
Does 46 divide 230?
True
Is 6 a factor of 486?
True
Does 38 divide 4750?
True
Does 9 divide 586?
False
Is 32 a factor of 6432?
True
Is 1401 a multiple of 4?
False
Is 14 a factor of 29764?
True
Does 16 divide 261?
False
Does 4 divide 214?
False
Is 16 a factor of 3630?
False
Is 62 a factor of 41441?
False
Is 11 a factor of 123033?
False
Does 68 divide 1020?
True
Is 52 a factor of 10192?
True
Is 41 a factor of 1025?
True
Does 30 divide 3000?
True
Is 32 a factor of 502?
False
Is 30 a factor of 1050?
True
Is 192 a multiple of 6?
True
Does 42 divide 3528?
True
Is 329 a multiple of 19?
False
Is 1184 a multiple of 32?
True
Is 39 a factor of 49?
False
Does 14 divide 78774?
False
Does 62 divide 1314?
False
Is 38 a factor of 190?
True
Does 17 divide 340?
True
Is 7348 a multiple of 13?
False
Is 378 a multiple of 23?
False
Is 14239 a multiple of 63?
False
Does 8 divide 528?
True
Is 5655 a multiple of 13?
True
Is 10883 a multiple of 103?
False
Does 31 divide 1801?
False
Is 10 a factor of 17580?
True
Is 12 a factor of 3336?
True
Does 27 divide 3552?
False
Does 20 divide 33?
False
Is 19 even?
False
Does 15 divide 6460?
False
Is 19556 a multiple of 59?
False
Is 14 a factor of 1403?
False
Does 156 divide 4524?
True
Is 48 a factor of 3216?
True
Is 3465 a multiple of 33?
True
Is 737 a multiple of 23?
False
Does 35 divide 1741?
False
Is 3268 a multiple of 19?
True
Does 11 divide 250?
False
Is 7320 a multiple of 30?
True
Is 3 a factor of 12983?
False
Is 22 a factor of 682?
True
Is 3040 a multiple of 8?
True
Is 16038 a multiple of 33?
True
Is 3 a factor of 785?
False
Is 15 a factor of 156270?
True
Is 1471 a multiple of 90?
False
Is 2408 a multiple of 14?
True
Does 34 divide 27879?
False
Does 35 divide 1275?
False
Is 6217 a multiple of 36?
False
Does 25 divide 346?
False
Does 16 divide 988?
False
Is 200 a multiple of 25?
True
Is 100 a multiple of 5?
True
Is 8 a factor of 541?
False
Does 8 divide 2688?
True
Is 22 a factor of 13779?
False
Does 83 divide 1577?
True
Does 24 divide 857?
False
Does 3 divide 338?
False
Is 129 a factor of 9252?
False
Is 176 a multiple of 16?
True
Is 6404 even?
True
Is 1258 a multiple of 12?
False
Does 72 divide 953?
False
Is 79 a factor of 17311?
False
Is 6827 a multiple of 87?
False
Is 9328 a multiple of 88?
True
Does 38 divide 6574?
True
Does 18 divide 40196?
False
Does 240 divide 18000?
True
Is 39 a factor of 1911?
True
Is 21 a factor of 30967?
False
Is 15 a factor of 1075?
False
Is 337 a factor of 70770?
True
Is 2 a factor of 176?
True
Is 58892 a multiple of 332?
False
Is 5450 a multiple of 10?
True
Is 17123 a multiple of 21?
False
Does 50 divide 2815?
False
Does 70 divide 893?
False
Is 882 a multiple of 98?
True
Does 34 divide 748?
True
Is 11238 a multiple of 11?
False
Is 20184 a multiple of 293?
False
Is 1793 a multiple of 37?
False
Is 2583 a multiple of 63?
True
Is 6 a factor of 876?
True
Is 15 a factor of 900?
True
Does 17 divide 629?
True
Is 451 a multiple of 64?
False
Does 8 divide 448?
True
Is 77 a factor of 8008?
True
Is 835 a multiple of 4?
False
Does 18 divide 13896?
True
Is 11 a factor of 154616?
True
Is 26032 a multiple of 11?
False
Is 6 a factor of 26568?
True
Is 509 a multiple of 136?
False
Is 6038 a multiple of 169?
False
Is 84 a factor of 1281?
False
Is 64 a factor of 2333?
False
Is 544 a multiple of 5?
False
Is 784 a multiple of 52?
False
Is 57 a factor of 4389?
True
Is 20 a factor of 3020?
True
Does 11 divide 4301?
True
Is 18 a factor of 378?
True
Is 1873 a multiple of 81?
False
Is 15 a factor of 316?
False
Does 15 divide 5061?
False
Is 26 a factor of 13418?
False
Is 4861 a multiple of 6?
False
Is 9 a factor of 405?
True
Does 52 divide 104?
True
Does 43 divide 481?
False
Is 1092 a multiple of 10?
False
Is 5160 a multiple of 40?
True
Is 14 a factor of 15260?
True
Does 36 divide 12600?
True
Does 8 divide 1840?
True
Is 6408 a multiple of 72?
True
Does 52 divide 15012?
False
Does 62 divide 5796?
False
Does 43 divide 774?
True
Does 5 divide 19100?
True
Is 82 a factor of 3306?
False
Is 19 a factor of 1102?
True
Does 14 divide 10458?
True
Is 2403 a multiple of 14?
False
Does 24 divide 32272?
False
Is 33 a factor of 987?
False
Does 27 divide 28255?
False
Is 26 a factor of 6474?
True
Does 137 divide 682?
False
Is 1470 a multiple of 15?
True
Does 14 divide 7420?
True
Is 39 a factor of 429?
True
Is 3 a factor of 28?
False
Is 12685 a multiple of 5?
True
Is 1827 a multiple of 22?
False
Is 8 a factor of 8896?
True
Is 70 a factor of 853?
False
Is 64 a factor of 869?
False
Is 1065 a multiple of 15?
True
Does 16 divide 9456?
True
Does 13 divide 130?
True
Does 254 divide 33320?
False
Does 38 divide 8029?
False
Is 208 a multiple of 9?
False
Is 26 a factor of 275?
False
Does 20 divide 7700?
True
Does 74 divide 98405?
False
Is 16934 a multiple of 46?
False
Is 29 a factor of 74131?
False
Does 20 divide 93?
False
Does 13 divide 637?
True
Is 29 a factor of 8271?
False
Is 2 a factor of 813?
False
Is 61 a factor of 3837?
False
Is 13 a factor of 1638?
True
Does 11 divide 209?
True
Does 26 divide 855?
False
Is 3 a factor of 6138?
True
Is 496 a multiple of 7?
False
Is 23 even?
False
Does 29 divide 36389?
False
Is 9 a factor of 3159?
True
Does 125 divide 9625?
True
Is 104 a factor of 5408?
True
Is 52 a factor of 2529?
False
Does 5 divide 766?
False
Is 4 a factor of 226?
False
Is 3480 a multiple of 120?
True
Is 117 a factor of 91026?
True
Is 14 a factor of 10961?
False
Does 19 divide 16777?
True
Is 2343 a multiple of 21?
False
Is 11256 a multiple of 21?
True
Does 3 divide 6?
True
Does 9 divide 297?
True
Does 10 divide 1070?
True
Does 89 divide 10034?
False
Does 94 divide 4136?
True
Is 149 a factor of 7003?
True
Is 20910 a multiple of 26?
False
Is 11038 a multiple of 18?
False
Is 23 a factor of 55103?
False
Does 70 divide 980?
True
Does 110 divide 1760?
True
Does 92 divide 368?
True
Is 72216 a multiple of 51?
True
Is 1368 a multiple of 4?
True
Is 312 a multiple of 8?
True
Is 73 a factor of 7263?
False
Does 25 divide 1100?
True
Does 3 divide 3?
True
Is 25 a factor of 2916?
False
Does 14 divide 1746?
False
Is 126 a multiple of 14?
True
Is 59553 a multiple of 48?
False
Is 2448 a multiple of 17?
True
Is 111 a factor of 7172?
False
Does 4 divide 27896?
True
Is 47563 a multiple of 129?
False
Is 316 a factor of 25912?
True
Is 1890 a multiple of 35?
True
Does 11 divide 1874?
False
Does 41 divide 73704?
False
Does 14 divide 18550?
True
Does 95 divide 6840?
True
Does 15 divide 67515?
True
Does 23 divide 276?
True
Is 7752 a multiple of 38?
True
Is 13 a factor of 3601?
True
Does 15 divide 4035?
True
Is 500 a multiple of 24?
False
Does 10 divide 9120?
True
Is 30259 even?
False
Is 30391 a multiple of 87?
False
Is 85925 a multiple of 16?
False
Does 15 divide 1410?
True
Is 21 a factor of 1577?
False
Does 32 divide 89477?
False
Does 7 divide 231?
True
Is 3 a factor of 191?
False
Does 37 divide 11211?
True
Is 2083 a multiple of 33?
False
Is 10 a factor of 820?
True
Is 31 a factor of 22351?
True
Is 10304 a multiple of 16?
True
Is 395 a multiple of 2?
False
Is 301 a multiple of 30?
False
Is 33 a factor of 990?
True
Is 861 a multiple of 9?
False
Is 90 a factor of 1901?
False
Does 13 divide 665?
False
Is 588 a multiple of 28?
True
Is 12 a factor of 1905?
False
Does 3 divide 2170?
False
Is 15 a factor of 9105?
True
Is 167 a multiple of 24?
False
Is 129 a factor of 3612?
True
Is 815 a multiple of 5?
True
Does 19 divide 75896?
False
Does 15 divide 4487?
False
Is 178 a factor of 41130?
False
Does 59 divide 80?
False
Does 16 divide 1920?
True
Is 31 a factor of 10633?
True
Does 16 divide 3664?
True
Is 4238 a multiple of 30?
False
Is 53137 a multiple of 5?
F